In base 4, what is 23310013121 - 12?
23310013103
In base 13, what is 4c0 + 3837?
4027
In base 3, what is -2112222021212220 - 0?
-2112222021212220
In base 12, what is 1661 - -10651?
120b2
In base 5, what is 11413 - 343133?
-331220
In base 8, what is -770620 - 240?
-771060
In base 9, what is 8616 - 43404?
-33677
In base 12, what is 0 + 47b61838?
47b61838
In base 10, what is 2 - 23792831?
-23792829
In base 10, what is -42392 + 306?
-42086
In base 14, what is -3136 - -3?
-3133
In base 2, what is 10111001 + -10001010110011111?
-10001010011100110
In base 16, what is -3d54d + -5?
-3d552
In base 6, what is -1 - 1054423411?
-1054423412
In base 7, what is 4 + -3314415031?
-3314415024
In base 2, what is 11011111001100 + 1110000101?
11101101010001
In base 13, what is -37544b70 - -3?
-37544b6a
In base 6, what is 31411012110 + 4?
31411012114
In base 11, what is 7 - 62a8662?
-62a8656
In base 3, what is 10 + 112101110020012?
112101110020022
In base 9, what is 3 - 62533813?
-62533810
In base 6, what is -41 + -130404452?
-130404533
In base 14, what is -1540 - -2732?
11d2
In base 6, what is -253250 + -132233?
-425523
In base 5, what is 213113133121 + 10?
213113133131
In base 15, what is -66 - 31092?
-31108
In base 11, what is 19789 - -559?
1a237
In base 15, what is 2899c - 4ab?
284e1
In base 8, what is -13142 + -1376?
-14540
In base 11, what is -4 - 4072885?
-4072889
In base 5, what is 10 - 120131124?
-120131114
In base 9, what is 641 + 53252?
54003
In base 2, what is 10110101 - 1010100010101010110100?
-1010100010100111111111
In base 14, what is 23a1 - 1637?
b68
In base 16, what is ed30 + 2fbe?
11cee
In base 16, what is 905 - 4612b?
-45826
In base 13, what is 111 + 20223?
20334
In base 4, what is 210221031 + -23?
210221002
In base 10, what is 156 - 1292018?
-1291862
In base 14, what is -5171b - -6?
-51715
In base 10, what is -144423 + 159?
-144264
In base 8, what is -120526 - 2463?
-123211
In base 11, what is -1497612 - 5?
-1497617
In base 6, what is 4 - 312202203?
-312202155
In base 14, what is 5dc6 - 389?
5a3b
In base 2, what is 0 + 111010111101011001000?
111010111101011001000
In base 10, what is 2110315 + -120?
2110195
In base 6, what is -15145555151 - -2?
-15145555145
In base 16, what is -1d634 + 179?
-1d4bb
In base 16, what is -b - 438809?
-438814
In base 13, what is 4 - -6ac57a?
6ac581
In base 7, what is -1 - -520406541?
520406540
In base 13, what is -3 + -173cc9?
-173ccc
In base 12, what is 31 - -123190?
123201
In base 10, what is 5 + 1300433?
1300438
In base 8, what is -16 + -1177432?
-1177450
In base 9, what is 8828737 - 24?
8828713
In base 10, what is 366 + 19500?
19866
In base 3, what is -1222 + -220111212?
-220120211
In base 2, what is 1111110100111011111011 - -111?
1111110100111100000010
In base 16, what is 66f - e2e5?
-dc76
In base 3, what is -1001 - -1010001210222200?
1010001210221122
In base 13, what is -4 + -1318416?
-131841a
In base 11, what is -910874 - 0?
-910874
In base 15, what is -24a4 - -193c?
-a67
In base 3, what is -10221221011 - -111201?
-10221102110
In base 11, what is 1 + 50640a39?
50640a3a
In base 9, what is 1 - 414618548?
-414618547
In base 8, what is 3 + -44335206?
-44335203
In base 10, what is 12856 - -5297?
18153
In base 4, what is 1311003 - -20230?
1331233
In base 8, what is 404471165 - -5?
404471172
In base 9, what is 47280 - -16100?
64380
In base 12, what is -2776 - -5a43?
3289
In base 16, what is -1da8f + 4?
-1da8b
In base 15, what is -3822 - 327?
-3b49
In base 4, what is -1201022331222 + -10?
-1201022331232
In base 12, what is 2125 - 5265?
-3140
In base 15, what is 31eb - -8b39?
bd35
In base 8, what is 241626627 - -1?
241626630
In base 16, what is -3 - 46ed320?
-46ed323
In base 4, what is 2111320233 - 2010?
2111312223
In base 8, what is -5 + -41375111?
-41375116
In base 8, what is -1 + -416217353?
-416217354
In base 15, what is -78adb + 7?
-78ad4
In base 14, what is -190 + -a2c42?
-a2dd2
In base 12, what is 36 + -b9aba?
-b9a84
In base 13, what is -1cc84747 - 4?
-1cc8474b
In base 13, what is -2 - -11787cc?
11787ca
In base 9, what is -671724 - -856?
-670757
In base 8, what is 4006 + 64150?
70156
In base 5, what is 114131 - 443333?
-324202
In base 14, what is 1 - 3720a35?
-3720a34
In base 13, what is c1 + -229677?
-229586
In base 9, what is 1253 - -6380?
7643
In base 3, what is -112 - -210010101120?
210010101001
In base 11, what is 49a30 - -32?
49a62
In base 11, what is -19658 + -1017?
-1a674
In base 3, what is -2001110212 + -1022112?
-2002210101
In base 10, what is 11163855 + 1?
11163856
In base 4, what is 311330 - -112223?
1030213
In base 15, what is 432c5ca + 4?
432c5ce
In base 6, what is 44153045 + 3?
44153052
In base 12, what is 54 + -18871?
-18819
In base 11, what is -18 - -494a22?
494a05
In base 2, what is -10000110 - -110100111001100100?
110100110111011110
In base 3, what is 2101120110002120 + 0?
2101120110002120
In base 14, what is -31025 - -bcb?
-30238
In base 15, what is 4525b + -116?
45145
In base 10, what is -20 + 2646326?
2646306
In base 3, what is -1200122021 - 1100101?
-1201222122
In base 7, what is -11666156 - 5?
-11666164
In base 14, what is 257 - -10b6b6?
10b92d
In base 7, what is -24224252 - 26?
-24224311
In base 11, what is -670a057 + -4?
-670a060
In base 11, what is 79 - -60882?
60950
In base 5, what is -31 + 134040032?
134040001
In base 2, what is -101001101111100 + 110110001?
-101000111001011
In base 2, what is -1101110110 + 100110111011011100111?
100110111001101110001
In base 14, what is 43 + -4d3127?
-4d30c4
In base 5, what is 1 + -3211403440?
-3211403434
In base 3, what is -2 - -111101222112?
111101222110
In base 3, what is -11 + 2022112020021?
2022112020010
In base 6, what is 33 - -12543212?
12543245
In base 3, what is -1 - 1100221101211211?
-1100221101211212
In base 15, what is -4a22 - -117?
-490a
In base 11, what is 18a192 + -113?
18a07a
In base 16, what is -fe24 - 6d5?
-104f9
In base 3, what is 1101201121100102002 + -12?
1101201121100101220
In base 5, what is -41434222 - -4?
-41434213
In base 14, what is 1 - -553cca?
553ccb
In base 3, what is 10100211 + 201022?
11002010
In base 13, what is -a - -18848?
1883b
In base 7, what is 4250 + 12651?
20231
In base 15, what is -1714 + -bbb6?
-d3ca
In base 3, what is -2020 + -12201210?
-12211000
In base 8, what is -2 + 72325122?
72325120
In base 15, what is -13 - -3c9544d?
3c9543a
In base 16, what is -12eb1867 + 1?
-12eb1866
In base 9, what is 4600 - 3215?
1374
In base 2, what is 1000 - -1011110011100010?
1011110011101010
In base 11, what is 2334092 - -3?
2334095
In base 15, what is 3 - -10b1085?
10b1088
In base 8, what is -774 + 25536?
24542
In base 9, what is -242736 + -1021?
-243757
In base 8, what is 5217177 + -5?
5217172
In base 12, what is -205 + 231b0?
22ba7
In base 6, what is -2 + 14421400203?
14421400201
In base 13, what is 62 - -1016a3?
101735
In base 10, what is 3079 - -3465?
6544
In base 11, what is -6a0a93657 - 3?
-6a0a9365a
In base 2, what is -100000100000010 + 100001110?
-11111111110100
In base 14, what is 9 - -16a20c7?
16a20d2
In base 9, what is -2374437 - -17?
-2374420
In base 3, what is -2112221 - -2101?
-2110120
In base 3, what is -12020 - -111200220202?
111200201112
In base 16, what is 55a0 - 5b3a?
-59a
In base 3, what is -101 + 11201210110101102?
11201210110101001
In base 11, what is -331 - 45282?
-45603
In base 3, what is 2022 - -20120002220012?
20120002222111
In base 11, what is -30531 - 221?
-30752
In base 12, what is -10919a93b + -5?
-10919a944
In base 16, what is 303bf - -2d4?
30693
In base 2, what is 101100110100100001111110 + 100?
101100110100100010000010
In base 8, what is -2 + 65175417?
65175415
In base 5, what is -132 - -442014320?
442014133
In base 14, what is 2 + 38ab1c?
38ab20
In base 11, what is -719 + -6359?
-6a77
In base 9, what is -73108223 - 1?
-73108224
In base 8, what is 3 + 206517017?
206517022
In base 13, what is -29710 - 222?
-29932
In base 2, what is -111011101011001010010011 - -10?
-111011101011001010010001
In base 12, what is 1120b - b420?
19ab
In base 8, what is -1 + -24132325?
-24132326
In base 11, what is -7049427a + 5?
-70494275
In base 14, what is 106 + 396343?
396449
In base 4, what is 113120213 - -10213?
113131032
In base 14, what is 3 + -6ad4887?
-6ad4884
In base 7, what is -31135 + 2363?
-25442
In 